ulate 0 + 1 + 0 + 1 + (-306 - -314).
10
What is 7 - (-7 + 25 + 1 + -7)?
-5
Calculate (4 - -1 - 12 - -18) + -13.
-2
-6 + (18 - (4 + 7 + -4))
5
-28 - (2 - (21 - 12) - (3 - 2))
-20
Evaluate 801 + -788 + -10 + -1 + 2.
4
What is the value of 8 + -4 + (-4 - -5) + -8?
-3
Calculate 7 + -4 - (5 + -8 - 2).
8
-86 + 88 - (0 - 4 - 4)
10
Calculate -23 - (-9 - ((0 - -15) + -24)).
-23
Evaluate 8 + (1 - -3) + -3 + -4.
5
What is -10 + 1 + 4 + 2 + 13?
10
What is the value of -8 - (8 + (-5 - 1))?
-10
What is 8 + 6 - (-1 - -27)?
-12
Calculate -17 - (16 - 16) - -13.
-4
What is the value of 3 - 7 - -3 - (-12 - 6)?
17
Calculate -2 - (11 + (3 + 1 + -6 - 4)).
-7
13 - (28 + -18 - -2)
1
What is the value of -8 + -13 - -30 - 28?
-19
Calculate 11 + (14 - 33) - (-12 + -2).
6
Evaluate 7 + (-17 - (35 + -32)).
-13
What is the value of -8 - (-1 + -3 + 6 - 9 - 25)?
24
(7 - -4) + 12 + -17
6
What is the value of (-4 - -2 - (2 - -2)) + (-50 - -77)?
21
Evaluate 105 + -126 - (6 - 14).
-13
What is 9 - (-14 - (-31 - 10))?
-18
Calculate (-9 - 1) + -321 + 318.
-13
What is the value of 1 + -11 + (24 - (9 - -8)) - -8?
5
Evaluate -8 - -15 - (0 - (5 - (-2 + -4))).
18
13 + 5 + -11 + 2
9
-12 + 3 + 2 - -10 - 2
1
(128 - 138) + (3 - (1 - -13)) + -2
-23
What is the value of -5 - (2 + 3 + 11 + -20)?
-1
What is (2 - 21 - -43) + (11 - 1)?
34
What is 11 - (13 - (10 + -4))?
4
What is the value of -6 - 2 - (-53 + 37 + -13)?
21
What is the value of 6 - (-21 - -15 - (5 - 5 - 1))?
11
-7 + -3 - -45 - 21
14
What is 14 - (-5 + 1 + 11)?
7
Evaluate 14 - (-13 - (-53 + 38)).
12
Calculate (18 - (18 - 6)) + -14.
-8
What is the value of 8 + -1 - (7 - 10) - 14?
-4
What is the value of -5 - (-6 + 5) - (30 + -5 + 4)?
-33
-6 + 36 + -3 + -11 + -13
3
Calculate 1 + -7 - ((39 - (23 + 6)) + 13).
-29
What is -57 + 24 + 4 + 37?
8
What is -2 + 3 + 63 + -36?
28
Evaluate 31 + (-4 - 12 - (15 + -19)).
19
-38 - (-7 + 3 - 16)
-18
What is the value of -1 - (32 - 22 - 17)?
6
What is 6 + 3 + -17 + 14 + -7 - 1?
-2
What is 11 + (-26 - -8) + 14?
7
What is 10 + -39 + 50 - (0 - 4)?
25
-13 + (-10 - (-7 + 0))
-16
What is -9 + -8 + 13 + -10 - -13?
-1
Evaluate -1 - (-3 + -4 + 10 + 1 + -7).
2
What is the value of 1 - (-6 - (19 + -26))?
0
What is -12 - (3 - 7) - (5 + 0 + -3)?
-10
Calculate -9 + (2 - 4) + (-4 - -3).
-12
What is -26 + 18 + (-3 - -2)?
-9
What is -63 + 37 + 28 + (8 - -2)?
12
What is (-6 - 30) + (10 - (3 - (5 + -6)))?
-30
-1 - -17 - (3 + 3 - 11 - -9)
12
What is (34 - (-2 + 0 + -2)) + -18?
20
5 - (13 + (-24 - (30 - 10)))
36
-51 + 61 - (2 + -1 + 20)
-11
What is -7 - (-22 + 1 - (33 - 37))?
10
-111 + 116 + (0 + 1 - 12)
-6
Calculate (56 - 37) + (1 - 25).
-5
Evaluate (40 - (-4 + 26)) + -3 + (-3 - 0).
12
What is 17 + (-5 - 5) + -10 + -6?
-9
Calculate (640 - 631) + (0 - -7).
16
Evaluate -7 + 6 - (-10 - -3 - -9).
-3
What is 3 + ((11 - 2) + -4 + -11 - -5)?
2
What is 54 - 48 - ((3 - 2 - -1) + 5)?
-1
Calculate (8 - 6 - -1 - -4) + -11 - 3.
-7
Evaluate 7 + -16 - -15 - (-3 + -7 + -1).
17
What is the value of -21 + 4 + -2 + 8?
-11
Evaluate (17 - (-1 + 0)) + (-6825 - -6828).
21
What is 17 + (-17 + 8 - -12) + (-9 - 0)?
11
-5 + 1 - (0 + (20 - 30) - 4)
10
Evaluate 15 + -19 + 10 + 2 + -3.
5
28 + -2 + -13 + (-9 - -9)
13
What is 2 + 28 + -27 + -20?
-17
Calculate -4 + (-9 - 4) + -6 + 13 + -7.
-17
What is 10 + 2 + (-5 - -1 - 2) + -1?
5
Evaluate (1 - -10 - (6 + 1) - 9) + 18.
13
-10 + -18 + 0 + 7 + 9
-12
Evaluate 10 + (-52 - -15) + 17.
-10
Evaluate -14 + (19 + 6 - -13).
24
Calculate 25 + -16 + -35 - -14.
-12
What is -1 - (-3 + 5 + -15 - (-2 + -1))?
9
Calculate (4 - 12) + (25 + 1 - (10 - 9)).
17
30 + -34 + 2 + 12 + -3
7
-1 + (0 - -8 - (0 - (-40 - -13)))
-20
What is -3 + 9 - (3 - (-2 - -1)) - -1?
3
Calculate 5 - -2 - (-17 - (-1 - 9)).
14
-2 + -1 + 7 - -4 - (4 - 3)
7
0 + -5 - (-223 + 228)
-10
Calculate -7 + 0 - (-4 + -3 - -6).
-6
What is the value of (-1851 - -1817) + (7 + -4 - (-1 + -4))?
-26
What is -7 - (13 + -4 + (1 - 3))?
-14
147 - 155 - (2 - 8)
-2
-15 + -3 + 3 - (-6 + 1 - 2)
-8
What is the value of 0 + -67 + 46 + 42?
21
Evaluate 1 + 7 + (18 - (16 - 0)) + 4.
14
Calculate -2 + -2100 + 2095 + (1 + 28 - 1).
21
What is -23 + -31 + (3 - -26)?
-25
What is the value of (7 + (-6 - (2 + -8)) - 2) + 6?
11
What is the value of (4 - 3 - -1) + -7 + (54 - 54)?
-5
What is the value of -3 + (5 - ((7 - 8) + -3))?
6
What is -17 + 12 + -4 - 18 - -19?
-8
Calculate 215 + -220 + 1 + -1 + 0 + -16.
-21
Evaluate (-7 - (-13 + 7) - 4) + -5 + 4.
-6
Calculate -1 + (-16 - (-15 - -9)).
-11
What is the value of (-20 - -5) + -17 - -16?
-16
Calculate -13 + 22 + -11 - (-8 + -1).
7
Evaluate -32 - (11 + (-2 + 20 - 30)).
-31
What is -37 + 47 - (4 + 15)?
-9
Calculate (4 - (-2 - -4)) + (-11 - (9 + -11)).
-7
What is -7 + (8 - (6 + 2))?
-7
What is the value of (187 - 179) + 2 + 1 + -3?
8
What is 13 - ((-32 - 10) + 29)?
26
What is the value of -7 + -20 + 28 - -13?
14
-2 + 12 + (-2 - (10 + -14) - 5)
7
22 + -3 - (10 + -5)
14
Calculate -13 + 7 + (-2 - -8) + (4 - -3).
7
What is -17 - 5 - (-6 + (6 - 9))?
-13
Calculate -2 - -16 - (5 - (-5 + 7)).
11
Calculate -10 + -4 + 9 + 10 + 3 + 11.
19
Evaluate (4 - (-10 + 17)) + -2 + 6.
1
Evaluate 6 + (-48 - -49) - (1 - 0 - -4).
2
(12 + -12 + (1 - 1) - -5) + -4
1
Evaluate 1 + -1 - (7 - 7) - (94 + -101).
7
What is 34 + -35 + (43 - 19)?
23
What is the value of 11 - 3 - (53 + -46)?
1
Calculate 0 + 5 - ((30 - 9) + -47).
31
5 + -25 + 4 - -7 - (1 - 8)
-2
(2 - (4 + -1)) + 10 - 16 - 7
-14
What is the value of -12 - (10 + -22 - (-7 - 12))?
-19
Evaluate -19 + 6 - -8 - 5.
-10
What is the value of (-2 - -10) + -8 + -3 - 8?
-11
What is the value of 8 + 11 + -4 + (-1 - 4)?
10
(12 - 11) + -15 - 1
-15
What is the value of -619 - -608 - (9 - 2)?
-18
What is the value of 13 - (43 + (13 - 9) - 9)?
-25
-42 - (-54 - (4 + -25))
-9
Calculate -3 - (-3 + -1 - 5) - 1.
5
Evaluate 1 + 14 - (37 - (-29 + 54)).
3
Evaluate 31 + 6 + -24 + -39.
-26
-26 + 0 + -4 + 5 - 2
-27
What is the value of -24 + 8 + -3 - (10 - 16)?
-13
Calculate 9 + (-13 - (11 + (-9 - 4))).
-2
Calculate 4 - (11 - (2 + -11 + 16)) - 17.
-17
Evaluate 45 + -43 + (1 - (0 + 1)).
2
Calculate -14 + 63 + (-7 - 16).
26
What is (48 - (12 + 15)) + -2?
19
What is the value of -8 + (-4 - -6 - (-2 + -7 - -7))?
-4
What is the value of 10 + -6 + 23 + -1 + -10?
16
What is -30 + (-12 - -22 - -8)?
-12
What is the value of -12 + 3 + (-10 - -11) - -1?
-7
Evaluate 6 + (-28 + -6 - (-27 - -12 - -12)).
-25
Evaluate (-18 - -33) + 2 + -11.
6
Evaluate 37 + -32 + (-1 - 7) + 8.
5
What is the value of 0 + 5 + -260 + 272?
17
What is the value of (0 - 0 - 14 - 1) + (-49 - -46)?
-18
What is (9 - 0) + 0 - (-351 - -379)?
-19
What is (1 + -6 - 1) + -1 + -805 + 810?
-2
What is the value of 5 - (33 - (-1 + -1 - (-34 - -32)))?
-28
Calculate -8 - (3 - 29) - 3 - 2.
13
What is -4 - 4 - (59 - 47)?
-20
Evaluate 33 - 25 - (6 - (-3 - -2)).
1
Evaluate 15 - ((24 - 10) + -12).
13
Evaluate 4 + 0 - (-4 - (6 + -7)).
7
Calculate (-2 - 1) + 4 + -13 + -385 + 385.
-12
Calculate -230 + 229 - (-1 - -6).
-6
What is 10 + 13 + -18 + 7?
12
Calculate 12 + (-4 - -3 - (2 + 1) - 0).
8
Evaluate (13 + -26 - 19) + 4.
-28
What is the value of 6 + 4 + 3 - 21?
-8
Calculate -2 + 1 + -1 + (-8 - (1 - 19)).
8
(1 - 11) + 1363 + -1325
28
Evaluate (10 - 6) + -6 - (-1 - 3) - -14.
16
Evaluate (1 - -13) + -14 - -7.
7
Calculate (-9 + 1 - -5) + -26 + 16.
-13
Evaluate 24 - -2 - (1 - -44).
-19
What is the value of (-33 - (5 - 27)) + 25?
14
What is the value of (2 - 3) + -1 + 2 + (0 - -4)?
4
What is the value of -3 + 1 + -1 + (62 - 33) + -30?
-4
-1 - -7 - (20 + -16 - (6 - 3))
5
What is the value of (-1 - 0) + (303 - 300) - -33?
35
-2 + -1 + -2 + -175 + 175 + 3
-2
What is (-6 - 0) + 1 + 10 - (-6 + -2)?
13
What is (77 - 49) + (-7 - (-9 - -5))?
25
What is the value of -1 + 7 + (17 - (2 + 8) - 5)?
8
Calculate -1 - (-3 + 4 + (-6 - 1) + 7).
-2
Calculate 14 - 21 - (4 + (-12 - 2) + 0).
3
Evaluate 7 + (18 - 16) + 4.
13
Evaluate 0 + -9 + (35 - 5).
21
Calculate -3 + (15 - (0 - -7)).
5
(5 - 1) + -8 + 11 + -2
5
2 - -24 - (4 - (-8 + 5))
19
Calculate -4 + -3 - ((-4 - 8) + -10) - -3.
18
What is the value of (26 - 2) + (18 - -43) + -54?
31
What is the value of 9 + (-9 - 3) + (3 - -5)?
5
48 + -66 - (-24 + 3)
3
-8 + (-7 - (7 - (0 + 7))) + 18
3
Evaluate 2 + -9 + -3 - (12 + -34).
12
What is (15 + -9 + -6 - 8) + 3?
-5
Evaluate 0 + -7 + (